{"id":774,"date":"2022-11-15T12:20:28","date_gmt":"2022-11-15T09:20:28","guid":{"rendered":"https:\/\/canpsikoloji.com\/?page_id=774"},"modified":"2022-11-15T12:20:29","modified_gmt":"2022-11-15T09:20:29","slug":"klinik-psikolog-abdullah-korkmaz","status":"publish","type":"page","link":"https:\/\/canpsikoloji.com\/index.php\/klinik-psikolog-abdullah-korkmaz\/","title":{"rendered":"Klinik Psikolog Abdullah Korkmaz"},"content":{"rendered":"<p><img loading=\"lazy\" decoding=\"async\" class=\"size-medium wp-image-775 aligncenter\" src=\"https:\/\/canpsikoloji.com\/wp-content\/uploads\/2022\/11\/WhatsApp-Image-2022-11-10-at-12.48.22-199x300.jpeg\" alt=\"\" width=\"199\" height=\"300\" srcset=\"https:\/\/canpsikoloji.com\/wp-content\/uploads\/2022\/11\/WhatsApp-Image-2022-11-10-at-12.48.22-199x300.jpeg 199w, https:\/\/canpsikoloji.com\/wp-content\/uploads\/2022\/11\/WhatsApp-Image-2022-11-10-at-12.48.22-680x1024.jpeg 680w, https:\/\/canpsikoloji.com\/wp-content\/uploads\/2022\/11\/WhatsApp-Image-2022-11-10-at-12.48.22-768x1157.jpeg 768w, https:\/\/canpsikoloji.com\/wp-content\/uploads\/2022\/11\/WhatsApp-Image-2022-11-10-at-12.48.22-1020x1536.jpeg 1020w, https:\/\/canpsikoloji.com\/wp-content\/uploads\/2022\/11\/WhatsApp-Image-2022-11-10-at-12.48.22.jpeg 1062w\" sizes=\"auto, (max-width: 199px) 100vw, 199px\" \/><\/p>\n<p>Klinik Psikolog Abdullah Korkmaz<\/p>\n<p><strong>\u00d6\u011eREN\u0130M:<\/strong><\/p>\n<ul>\n<li>Lisans\u00a0 \u00a0 \u00a0 \u00a0 \u00a0 \u00a0\u00a0 \u00a0: Pamukkale \u00dcniversitesi, Psikolojik Dan\u0131\u015fmanl\u0131k Ve Rehberlik<\/li>\n<li>Y\u00fcksek Lisans : \u0130stanbul Kent \u00dcniversitesi, Klinik Psikoloji<\/li>\n<\/ul>\n<p><strong>E\u011e\u0130T\u0130MLER:<\/strong><\/p>\n<ul>\n<li>B\u00fct\u00fcnc\u00fcl Psikoterapi\u00a0 E\u011fitimi, Psikoterapi Enstit\u00fcs\u00fc, Uz. Dr. Tahir \u00d6zakka\u015f, 2017-2019 Teori, Form\u00fclasyon<\/li>\n<li>Aktar\u0131m Odakl\u0131 Psikoterapi, Prof. Dr. Do\u011fan \u015eahin<\/li>\n<li>\u00dcst D\u00fczey Ki\u015filik Bozukluklar\u0131nda Dinamik Psikoterapi<\/li>\n<li>Psikodinamik Psikoterapi Seminerleri, Suzan U\u011fur Girginer<\/li>\n<li>PACT \u00c7ift Terapisi E\u011fitimi, Stan Tatkin<\/li>\n<li>Duygu Odakl\u0131 \u00c7ift Terapisi, Do\u00e7at, Senem Zeytino\u011flu<\/li>\n<li>Cinsel Terapi ve \u00c7ift Terapisi E\u011fitimi, Cebrail K\u0131sa<\/li>\n<li>Aktar\u0131m Odakl\u0131 Psikoterapi S\u00fcpervizyonu, Nazan Parlak<\/li>\n<li>EMDR, Davran\u0131\u015f Bilimleri Enstit\u00fcs\u00fc, Emre Konuk<\/li>\n<li>HYT, Haluk Alan<\/li>\n<\/ul>\n<p><strong>DENEY\u0130M:<\/strong><\/p>\n<p>Pamukkale \u00dcniversitesi Psikolojik Dan\u0131\u015fmanl\u0131k ve Rehberlik B\u00f6l\u00fcm\u00fcnden 2010 y\u0131l\u0131nda mezun olduktan sonra \u00e7e\u015fitli ilkokul, ortaokul gibi kurumlarda psikolog, psikolojik dan\u0131\u015fman olarak g\u00f6rev yapt\u0131.<\/p>\n<p>2018 y\u0131l\u0131 itibariyle Gebze\u2019de Can Psikoloji Dan\u0131\u015fmanl\u0131k ve E\u011fitim Merkezi\u2019nde Dan\u0131\u015fan g\u00f6rmektedir.<\/p>\n<p><strong>\u00dcYE OLDU\u011eU DERNEKLER:<\/strong><\/p>\n<ul>\n<li>Psikoterapi Enstit\u00fcs\u00fc Derne\u011fi<\/li>\n<li>Hipnoz Derne\u011fi<\/li>\n<\/ul>\n","protected":false},"excerpt":{"rendered":"<p class=\"qua-blog-post-description\">Klinik Psikolog Abdullah Korkmaz \u00d6\u011eREN\u0130M: Lisans\u00a0 \u00a0 \u00a0 \u00a0 \u00a0 \u00a0\u00a0 \u00a0: Pamukkale \u00dcniversitesi, Psikolojik Dan\u0131\u015fmanl\u0131k Ve Rehberlik Y\u00fcksek Lisans : \u0130stanbul Kent \u00dcniversitesi, Klinik Psikoloji E\u011e\u0130T\u0130MLER: B\u00fct\u00fcnc\u00fcl Psikoterapi\u00a0 E\u011fitimi, Psikoterapi Enstit\u00fcs\u00fc, Uz. Dr. Tahir \u00d6zakka\u015f, 2017-2019 Teori, Form\u00fclasyon Aktar\u0131m Odakl\u0131 Psikoterapi, Prof. Dr. Do\u011fan \u015eahin \u00dcst D\u00fczey Ki\u015filik Bozukluklar\u0131nda Dinamik Psikoterapi Psikodinamik Psikoterapi Seminerleri, [&hellip;]<\/p>\n","protected":false},"author":1,"featured_media":0,"parent":0,"menu_order":0,"comment_status":"closed","ping_status":"closed","template":"","meta":{"footnotes":""},"class_list":["post-774","page","type-page","status-publish","hentry"],"yoast_head":"<!-- This site is optimized with the Yoast SEO plugin v24.9 - https:\/\/yoast.com\/wordpress\/plugins\/seo\/ -->\n<title>Klinik Psikolog Abdullah Korkmaz - Can Psikoloji Dan\u0131\u015fmanl\u0131k Merkezi<\/title>\n<meta name=\"robots\" content=\"index, follow, max-snippet:-1, max-image-preview:large, max-video-preview:-1\" \/>\n<link rel=\"canonical\" href=\"https:\/\/canpsikoloji.com\/index.php\/klinik-psikolog-abdullah-korkmaz\/\" \/>\n<meta property=\"og:locale\" content=\"tr_TR\" \/>\n<meta property=\"og:type\" content=\"article\" \/>\n<meta property=\"og:title\" content=\"Klinik Psikolog Abdullah Korkmaz - Can Psikoloji Dan\u0131\u015fmanl\u0131k Merkezi\" \/>\n<meta property=\"og:description\" content=\"Klinik Psikolog Abdullah Korkmaz \u00d6\u011eREN\u0130M: Lisans\u00a0 \u00a0 \u00a0 \u00a0 \u00a0 \u00a0\u00a0 \u00a0: Pamukkale \u00dcniversitesi, Psikolojik Dan\u0131\u015fmanl\u0131k Ve Rehberlik Y\u00fcksek Lisans : \u0130stanbul Kent \u00dcniversitesi, Klinik Psikoloji E\u011e\u0130T\u0130MLER: B\u00fct\u00fcnc\u00fcl Psikoterapi\u00a0 E\u011fitimi, Psikoterapi Enstit\u00fcs\u00fc, Uz. Dr. Tahir \u00d6zakka\u015f, 2017-2019 Teori, Form\u00fclasyon Aktar\u0131m Odakl\u0131 Psikoterapi, Prof. Dr. Do\u011fan \u015eahin \u00dcst D\u00fczey Ki\u015filik Bozukluklar\u0131nda Dinamik Psikoterapi Psikodinamik Psikoterapi Seminerleri, [&hellip;]\" \/>\n<meta property=\"og:url\" content=\"https:\/\/canpsikoloji.com\/index.php\/klinik-psikolog-abdullah-korkmaz\/\" \/>\n<meta property=\"og:site_name\" content=\"Can Psikoloji Dan\u0131\u015fmanl\u0131k Merkezi\" \/>\n<meta property=\"article:modified_time\" content=\"2022-11-15T09:20:29+00:00\" \/>\n<meta property=\"og:image\" content=\"https:\/\/canpsikoloji.com\/wp-content\/uploads\/2022\/11\/WhatsApp-Image-2022-11-10-at-12.48.22-199x300.jpeg\" \/>\n<meta name=\"twitter:card\" content=\"summary_large_image\" \/>\n<meta name=\"twitter:label1\" content=\"Tahmini okuma s\u00fcresi\" \/>\n\t<meta name=\"twitter:data1\" content=\"1 dakika\" \/>\n<script type=\"application\/ld+json\" class=\"yoast-schema-graph\">{\"@context\":\"https:\/\/schema.org\",\"@graph\":[{\"@type\":\"WebPage\",\"@id\":\"https:\/\/canpsikoloji.com\/index.php\/klinik-psikolog-abdullah-korkmaz\/\",\"url\":\"https:\/\/canpsikoloji.com\/index.php\/klinik-psikolog-abdullah-korkmaz\/\",\"name\":\"Klinik Psikolog Abdullah Korkmaz - Can Psikoloji Dan\u0131\u015fmanl\u0131k Merkezi\",\"isPartOf\":{\"@id\":\"https:\/\/canpsikoloji.com\/#website\"},\"primaryImageOfPage\":{\"@id\":\"https:\/\/canpsikoloji.com\/index.php\/klinik-psikolog-abdullah-korkmaz\/#primaryimage\"},\"image\":{\"@id\":\"https:\/\/canpsikoloji.com\/index.php\/klinik-psikolog-abdullah-korkmaz\/#primaryimage\"},\"thumbnailUrl\":\"https:\/\/canpsikoloji.com\/wp-content\/uploads\/2022\/11\/WhatsApp-Image-2022-11-10-at-12.48.22-199x300.jpeg\",\"datePublished\":\"2022-11-15T09:20:28+00:00\",\"dateModified\":\"2022-11-15T09:20:29+00:00\",\"breadcrumb\":{\"@id\":\"https:\/\/canpsikoloji.com\/index.php\/klinik-psikolog-abdullah-korkmaz\/#breadcrumb\"},\"inLanguage\":\"tr\",\"potentialAction\":[{\"@type\":\"ReadAction\",\"target\":[\"https:\/\/canpsikoloji.com\/index.php\/klinik-psikolog-abdullah-korkmaz\/\"]}]},{\"@type\":\"ImageObject\",\"inLanguage\":\"tr\",\"@id\":\"https:\/\/canpsikoloji.com\/index.php\/klinik-psikolog-abdullah-korkmaz\/#primaryimage\",\"url\":\"https:\/\/canpsikoloji.com\/wp-content\/uploads\/2022\/11\/WhatsApp-Image-2022-11-10-at-12.48.22.jpeg\",\"contentUrl\":\"https:\/\/canpsikoloji.com\/wp-content\/uploads\/2022\/11\/WhatsApp-Image-2022-11-10-at-12.48.22.jpeg\",\"width\":1062,\"height\":1600},{\"@type\":\"BreadcrumbList\",\"@id\":\"https:\/\/canpsikoloji.com\/index.php\/klinik-psikolog-abdullah-korkmaz\/#breadcrumb\",\"itemListElement\":[{\"@type\":\"ListItem\",\"position\":1,\"name\":\"Ana sayfa\",\"item\":\"https:\/\/canpsikoloji.com\/\"},{\"@type\":\"ListItem\",\"position\":2,\"name\":\"Klinik Psikolog Abdullah Korkmaz\"}]},{\"@type\":\"WebSite\",\"@id\":\"https:\/\/canpsikoloji.com\/#website\",\"url\":\"https:\/\/canpsikoloji.com\/\",\"name\":\"Can Psikoloji Dan\u0131\u015fmanl\u0131k ve E\u011fitim Merkezi\",\"description\":\"\",\"publisher\":{\"@id\":\"https:\/\/canpsikoloji.com\/#organization\"},\"potentialAction\":[{\"@type\":\"SearchAction\",\"target\":{\"@type\":\"EntryPoint\",\"urlTemplate\":\"https:\/\/canpsikoloji.com\/?s={search_term_string}\"},\"query-input\":{\"@type\":\"PropertyValueSpecification\",\"valueRequired\":true,\"valueName\":\"search_term_string\"}}],\"inLanguage\":\"tr\"},{\"@type\":\"Organization\",\"@id\":\"https:\/\/canpsikoloji.com\/#organization\",\"name\":\"Can Psikoloji Dan\u0131\u015fmanl\u0131k ve E\u011fitim Merkezi\",\"url\":\"https:\/\/canpsikoloji.com\/\",\"logo\":{\"@type\":\"ImageObject\",\"inLanguage\":\"tr\",\"@id\":\"https:\/\/canpsikoloji.com\/#\/schema\/logo\/image\/\",\"url\":\"https:\/\/canpsikoloji.com\/wp-content\/uploads\/2018\/11\/CAN-PS\u0130KOLOJ\u0130-KAPI-ORTALADIM-1.jpg\",\"contentUrl\":\"https:\/\/canpsikoloji.com\/wp-content\/uploads\/2018\/11\/CAN-PS\u0130KOLOJ\u0130-KAPI-ORTALADIM-1.jpg\",\"width\":2021,\"height\":948,\"caption\":\"Can Psikoloji Dan\u0131\u015fmanl\u0131k ve E\u011fitim Merkezi\"},\"image\":{\"@id\":\"https:\/\/canpsikoloji.com\/#\/schema\/logo\/image\/\"},\"sameAs\":[\"https:\/\/www.instagram.com\/canpsikoloji\"]}]}<\/script>\n<!-- \/ Yoast SEO plugin. -->","yoast_head_json":{"title":"Klinik Psikolog Abdullah Korkmaz - Can Psikoloji Dan\u0131\u015fmanl\u0131k Merkezi","robots":{"index":"index","follow":"follow","max-snippet":"max-snippet:-1","max-image-preview":"max-image-preview:large","max-video-preview":"max-video-preview:-1"},"canonical":"https:\/\/canpsikoloji.com\/index.php\/klinik-psikolog-abdullah-korkmaz\/","og_locale":"tr_TR","og_type":"article","og_title":"Klinik Psikolog Abdullah Korkmaz - Can Psikoloji Dan\u0131\u015fmanl\u0131k Merkezi","og_description":"Klinik Psikolog Abdullah Korkmaz \u00d6\u011eREN\u0130M: Lisans\u00a0 \u00a0 \u00a0 \u00a0 \u00a0 \u00a0\u00a0 \u00a0: Pamukkale \u00dcniversitesi, Psikolojik Dan\u0131\u015fmanl\u0131k Ve Rehberlik Y\u00fcksek Lisans : \u0130stanbul Kent \u00dcniversitesi, Klinik Psikoloji E\u011e\u0130T\u0130MLER: B\u00fct\u00fcnc\u00fcl Psikoterapi\u00a0 E\u011fitimi, Psikoterapi Enstit\u00fcs\u00fc, Uz. Dr. Tahir \u00d6zakka\u015f, 2017-2019 Teori, Form\u00fclasyon Aktar\u0131m Odakl\u0131 Psikoterapi, Prof. Dr. Do\u011fan \u015eahin \u00dcst D\u00fczey Ki\u015filik Bozukluklar\u0131nda Dinamik Psikoterapi Psikodinamik Psikoterapi Seminerleri, [&hellip;]","og_url":"https:\/\/canpsikoloji.com\/index.php\/klinik-psikolog-abdullah-korkmaz\/","og_site_name":"Can Psikoloji Dan\u0131\u015fmanl\u0131k Merkezi","article_modified_time":"2022-11-15T09:20:29+00:00","og_image":[{"url":"https:\/\/canpsikoloji.com\/wp-content\/uploads\/2022\/11\/WhatsApp-Image-2022-11-10-at-12.48.22-199x300.jpeg","type":"","width":"","height":""}],"twitter_card":"summary_large_image","twitter_misc":{"Tahmini okuma s\u00fcresi":"1 dakika"},"schema":{"@context":"https:\/\/schema.org","@graph":[{"@type":"WebPage","@id":"https:\/\/canpsikoloji.com\/index.php\/klinik-psikolog-abdullah-korkmaz\/","url":"https:\/\/canpsikoloji.com\/index.php\/klinik-psikolog-abdullah-korkmaz\/","name":"Klinik Psikolog Abdullah Korkmaz - Can Psikoloji Dan\u0131\u015fmanl\u0131k Merkezi","isPartOf":{"@id":"https:\/\/canpsikoloji.com\/#website"},"primaryImageOfPage":{"@id":"https:\/\/canpsikoloji.com\/index.php\/klinik-psikolog-abdullah-korkmaz\/#primaryimage"},"image":{"@id":"https:\/\/canpsikoloji.com\/index.php\/klinik-psikolog-abdullah-korkmaz\/#primaryimage"},"thumbnailUrl":"https:\/\/canpsikoloji.com\/wp-content\/uploads\/2022\/11\/WhatsApp-Image-2022-11-10-at-12.48.22-199x300.jpeg","datePublished":"2022-11-15T09:20:28+00:00","dateModified":"2022-11-15T09:20:29+00:00","breadcrumb":{"@id":"https:\/\/canpsikoloji.com\/index.php\/klinik-psikolog-abdullah-korkmaz\/#breadcrumb"},"inLanguage":"tr","potentialAction":[{"@type":"ReadAction","target":["https:\/\/canpsikoloji.com\/index.php\/klinik-psikolog-abdullah-korkmaz\/"]}]},{"@type":"ImageObject","inLanguage":"tr","@id":"https:\/\/canpsikoloji.com\/index.php\/klinik-psikolog-abdullah-korkmaz\/#primaryimage","url":"https:\/\/canpsikoloji.com\/wp-content\/uploads\/2022\/11\/WhatsApp-Image-2022-11-10-at-12.48.22.jpeg","contentUrl":"https:\/\/canpsikoloji.com\/wp-content\/uploads\/2022\/11\/WhatsApp-Image-2022-11-10-at-12.48.22.jpeg","width":1062,"height":1600},{"@type":"BreadcrumbList","@id":"https:\/\/canpsikoloji.com\/index.php\/klinik-psikolog-abdullah-korkmaz\/#breadcrumb","itemListElement":[{"@type":"ListItem","position":1,"name":"Ana sayfa","item":"https:\/\/canpsikoloji.com\/"},{"@type":"ListItem","position":2,"name":"Klinik Psikolog Abdullah Korkmaz"}]},{"@type":"WebSite","@id":"https:\/\/canpsikoloji.com\/#website","url":"https:\/\/canpsikoloji.com\/","name":"Can Psikoloji Dan\u0131\u015fmanl\u0131k ve E\u011fitim Merkezi","description":"","publisher":{"@id":"https:\/\/canpsikoloji.com\/#organization"},"potentialAction":[{"@type":"SearchAction","target":{"@type":"EntryPoint","urlTemplate":"https:\/\/canpsikoloji.com\/?s={search_term_string}"},"query-input":{"@type":"PropertyValueSpecification","valueRequired":true,"valueName":"search_term_string"}}],"inLanguage":"tr"},{"@type":"Organization","@id":"https:\/\/canpsikoloji.com\/#organization","name":"Can Psikoloji Dan\u0131\u015fmanl\u0131k ve E\u011fitim Merkezi","url":"https:\/\/canpsikoloji.com\/","logo":{"@type":"ImageObject","inLanguage":"tr","@id":"https:\/\/canpsikoloji.com\/#\/schema\/logo\/image\/","url":"https:\/\/canpsikoloji.com\/wp-content\/uploads\/2018\/11\/CAN-PS\u0130KOLOJ\u0130-KAPI-ORTALADIM-1.jpg","contentUrl":"https:\/\/canpsikoloji.com\/wp-content\/uploads\/2018\/11\/CAN-PS\u0130KOLOJ\u0130-KAPI-ORTALADIM-1.jpg","width":2021,"height":948,"caption":"Can Psikoloji Dan\u0131\u015fmanl\u0131k ve E\u011fitim Merkezi"},"image":{"@id":"https:\/\/canpsikoloji.com\/#\/schema\/logo\/image\/"},"sameAs":["https:\/\/www.instagram.com\/canpsikoloji"]}]}},"_links":{"self":[{"href":"https:\/\/canpsikoloji.com\/index.php\/wp-json\/wp\/v2\/pages\/774","targetHints":{"allow":["GET"]}}],"collection":[{"href":"https:\/\/canpsikoloji.com\/index.php\/wp-json\/wp\/v2\/pages"}],"about":[{"href":"https:\/\/canpsikoloji.com\/index.php\/wp-json\/wp\/v2\/types\/page"}],"author":[{"embeddable":true,"href":"https:\/\/canpsikoloji.com\/index.php\/wp-json\/wp\/v2\/users\/1"}],"replies":[{"embeddable":true,"href":"https:\/\/canpsikoloji.com\/index.php\/wp-json\/wp\/v2\/comments?post=774"}],"version-history":[{"count":2,"href":"https:\/\/canpsikoloji.com\/index.php\/wp-json\/wp\/v2\/pages\/774\/revisions"}],"predecessor-version":[{"id":777,"href":"https:\/\/canpsikoloji.com\/index.php\/wp-json\/wp\/v2\/pages\/774\/revisions\/777"}],"wp:attachment":[{"href":"https:\/\/canpsikoloji.com\/index.php\/wp-json\/wp\/v2\/media?parent=774"}],"curies":[{"name":"wp","href":"https:\/\/api.w.org\/{rel}","templated":true}]}}